0302
What is 13b3e (base 15) in base 11?
43601
What is -114525 (base 8) in base 11?
-27545
What is 102623431 (base 7) in base 15?
80972a
1526202 (base 12) to base 3
22001120011202
-5a61727 (base 11) to base 7
-155513262
1844cd (base 14) to base 11
535a46
1651134 (base 7) to base 5
24342123
What is 12106206 (base 7) in base 13?
2b9776
Convert -163216 (base 8) to base 7.
-334035
Convert -123304533 (base 7) to base 14.
-1076a1a
-c9a11b (base 13) to base 6
-245252012
Convert -111101100101101000 (base 2) to base 3.
-110211001010
What is -11eb0 (base 16) in base 15?
-16b2c
-10122211001100 (base 3) to base 5
-444220013
Convert -467a1 (base 11) to base 10.
-67508
2a9aa (base 11) to base 7
241462
Convert 3c906 (base 13) to base 7.
652056
What is -34221402 (base 5) in base 14?
-7d014
What is 785752 (base 9) in base 3?
212212211202
Convert 89679 (base 11) to base 16.
1fb7f
What is -2a0535 (base 11) in base 6?
-14020003
Convert -202202011220 (base 3) to base 10.
-408372
293061 (base 10) to base 8
1074305
What is 5230540 (base 6) in base 7?
2102250
What is -155441553 (base 6) in base 4?
-30301230231
Convert 1111011110010101 (base 2) to base 5.
4012011
17249d3 (base 14) to base 16
adb4fd
21a1501 (base 13) to base 9
21358485
What is 647169 (base 10) in base 5?
131202134
Convert -422235115 (base 6) to base 7.
-116555435
-137631 (base 8) to base 6
-1015025
Convert -16ae0 (base 15) to base 11.
-50109
What is -1f55d (base 16) in base 2?
-11111010101011101
What is 1001111100101111011 (base 2) in base 10?
326011
7335a8 (base 13) to base 2
1010010001010011010100
What is -12213003 (base 4) in base 13?
-c429
Convert -93569 (base 14) to base 9.
-601028
Convert 1101111011001001010 (base 2) to base 8.
1573112
-10201222201022 (base 3) to base 6
-110334355
-1164155 (base 10) to base 8
-4341573
Convert -101561 (base 9) to base 11.
-41292
What is -1212220110111 (base 3) in base 8?
-3644777
What is -110220212212 (base 3) in base 15?
-5055b
Convert -1110110011100110110100 (base 2) to base 5.
-1443201041
Convert -110000100111101101011 (base 2) to base 7.
-16353612
Convert -4857742 (base 10) to base 11.
-281876a
Convert 8765232 (base 9) to base 4.
101331123221
Convert -1465555 (base 10) to base 6.
-51224551
Convert 2a43 (base 15) to base 10.
9063
237348 (base 10) to base 11
152361
Convert 250775 (base 8) to base 3.
11101200122
What is 1211200222222 (base 3) in base 13?
2833b2
-100010111101001110 (base 2) to base 16
-22f4e
What is 31a28 (base 13) in base 9?
145820
What is -1345404 (base 7) in base 12?
-87b19
-25126644 (base 7) to base 11
-1303511
What is 2c84b (base 13) in base 16?
14ba5
-1115 (base 9) to base 15
-39e
111222200 (base 6) to base 12
817960
Convert -14403107 (base 9) to base 5.
-3312202304
2ad5bd (base 14) to base 16
16d633
What is -22000333303 (base 4) in base 2?
-1010000000111111110011
2323100330 (base 4) to base 3
1102222011202
-43352322 (base 6) to base 9
-2375575
613634 (base 7) to base 6
2124115
What is -35a61 (base 12) in base 15?
-16691
6208 (base 11) to base 15
2691
Convert -361513 (base 10) to base 8.
-1302051
What is 1010011100101010010 (base 2) in base 4?
1103211102
What is 128e49 (base 15) in base 11?
559339
What is 1c30 (base 16) in base 8?
16060
What is 1a23963 (base 12) in base 10?
5522331
Convert 14212321 (base 7) to base 15.
1b4587
What is -992349 (base 13) in base 9?
-6702243
Convert -83132 (base 10) to base 4.
-110102330
-45146 (base 10) to base 5
-2421041
Convert -31153450 (base 6) to base 9.
-1623613
Convert -11111111000101111 (base 2) to base 15.
-28a72
What is 2202062 (base 7) in base 11?
17464a
Convert 6682182 (base 10) to base 13.
14cc670
140434003 (base 5) to base 2
10101111010010110011
Convert -1806 (base 11) to base 16.
-901
What is -110010101100111110100100 (base 2) in base 3?
-221000021102010
What is 20010010012 (base 4) in base 13?
59018b
-12ba6 (base 16) to base 9
-126203
-120122201121210 (base 3) to base 16
-7ef612
What is 298209 (base 13) in base 6?
33450530
What is 10011101111101100110 (base 2) in base 3?
1012212112111
Convert 4b231d (base 14) to base 16.
275e07
What is -257035 (base 8) in base 15?
-1b854
What is -201211323 (base 4) in base 2?
-100001100101111011
What is -34374 (base 11) in base 13?
-19805
What is -1375345 (base 10) in base 7?
-14455516
-6a137 (base 16) to base 12
-18b533
Convert 707a18 (base 12) to base 7.
20630504
What is 4254145 (base 7) in base 3?
222022002221
Convert -100222341 (base 5) to base 3.
-202020121012
What is -d62714 (base 14) in base 2?
-11011100100111010011110
-4501a3 (base 12) to base 8
-4143013
Convert -6784049 (base 10) to base 2.
-11001111000010000110001
Convert 7244b (base 13) to base 11.
130079
Convert 342154314 (base 6) to base 4.
113322010012
318286 (base 9) to base 6
4022340
-1544411 (base 6) to base 9
-148747
What is -110101100110100011 (base 2) in base 9?
-364150
-874957 (base 15) to base 11
-3702235
What is -e1159 (base 15) in base 8?
-2557362
Convert 4376174 (base 9) to base 13.
645229
-3001221220 (base 4) to base 12
-323034
What is 111110010010111001000 (base 2) in base 6?
111430224
-12c748 (base 15) to base 10
-902768
2b6511 (base 12) to base 15
e84e1
133052541 (base 6) to base 15
37a124
Convert 6024605 (base 8) to base 7.
16313412
What is 862398 (base 11) in base 15?
1c3a91
What is 1100111001011011110110 (base 2) in base 9?
6322746
-34136233 (base 7) to base 3
-12120202112021
Convert 1c56a94 (base 13) to base 12.
31b304b
2e85c2 (base 16) to base 14
595186
-123361 (base 7) to base 10
-22828
-3244443342 (base 5) to base 14
-d104d3
Convert 100203110 (base 4) to base 3.
10102222222
Convert 21011021120211 (base 3) to base 12.
1335711
-11602531 (base 8) to base 2
-1001110000010101011001
What is 101100100100000111011 (base 2) in base 10?
1460283
10001001111001101 (base 2) to base 10
70605
What is -770549 (base 10) in base 9?
-1403885
-1021020101222 (base 3) to base 5
-133031032
Convert -58783 (base 10) to base 8.
-162637
Convert -34160b (base 12) to base 3.
-1120021100102
What is -73bba (base 16) in base 7?
-4013022
What is -165342 (base 8) in base 7?
-340210
What is -92515 (base 12) in base 11?
-120400
Convert 2a178 (base 13) to base 7.
450241
Convert 1010110101001010011111 (base 2) to base 12.
b4b07b
101020000110 (base 3) to base 16
31200
Convert -1ad858 (base 16) to base 13.
-497a24
What is 3313214 (base 6) in base 15?
33eb7
-522287 (base 9) to base 4
-1023230302
-11000110100010010010000 (base 2) to base 10
-6505616
910123 (base 12) to base 11
13042a5
-14412401130 (base 5) to base 13
-3cb5936
4850247 (base 9) to base 13
711805
What is -21572 (base 13) in base 10?
-60257
What is -1a4039 (base 15) in base 10?
-1279179
What is 110110111010110 (base 2) in base 8?
66726
Convert 30207733 (base 8) to base 5.
3112023201
-3103342 (base 6) to base 7
-1156010
What is 3046644 (base 7) in base 11?
22a1aa
-6462606 (base 7) to base 9
-1431566
Convert facb0 (base 16) to base 14.
1ca50c
Convert -2343535 (base 7) to base 6.
-10205131
Convert 1574212 (base 14) to base 12.
3623948
4b2788 (base 13) to base 14
34db4c
Convert -321230 (base 6) to base 14.
-97b4
Convert 143722 (base 11) to base 14.
5bb43
Convert 110110100100000000 (base 2) to base 5.
24122423
Convert -28c86 (base 13) to base 16.
-12c24
What is 124524033 (base 6) in base 13?
685743
-511365 (base 9) to base 14
-7c513
Convert -19885 (base 11) to base 14.
-a133
Convert -4418 (base 10) to base 13.
-201b
-1318471 (base 11) to base 2
-1000101100110001110101
What is 4222004231 (base 5) in base 2?
100001011111111111111000
What is 941aa (base 12) in base 3?
100211212011
-158a03 (base 11) to base 4
-330011211
-12111112111012 (base 3) to base 9
-5445435
What is 16175b6 (base 14) in base 13?
231896b
What is -525441 (base 8) in base 13?
-617a5
Convert -c3c3a (base 13) to base 7.
-2662330
What is -96976 (base 10) in base 2?
-10111101011010000
What is 12242242 (base 5) in base 6?
2312211
121876 (base 10) to base 11
83627
What is -69936b (base 16) in base 14?
-cc1719
What is 65538 (base 12) in base 5?
13240240
What is -17a959 (base 13) in base 7?
-5025032
Convert 1265022 (base 7) to base 6.
3331000
2143450 (base 6) to base 14
2b058
-643d9d (base 14) to base 11
-1a07117
What is 25c64 (base 15) in base 4?
131201113
What is 62c7 (base 15) in base 6?
240411
